e?
True
Is 1248631 composite?
False
Is 671483 a composite number?
True
Is 334563 prime?
False
Is 29819 prime?
True
Is 61823 composite?
True
Is 74653 prime?
True
Is 262097 prime?
False
Is 132571 prime?
False
Is 146563 composite?
False
Is 409573 a prime number?
True
Is 15349 composite?
False
Is 853 composite?
False
Is 888047 a prime number?
True
Is 1996907 composite?
True
Is 701809 a composite number?
True
Is 83833 composite?
False
Is 206749 a prime number?
True
Is 246242 a composite number?
True
Is 349963 a composite number?
False
Is 23657 a composite number?
True
Is 40301 a prime number?
False
Is 177883 a prime number?
True
Is 1271227 prime?
True
Is 87103 prime?
True
Is 169427 a prime number?
True
Is 427213 a composite number?
False
Is 8051 composite?
True
Is 44771 prime?
True
Is 6767 a prime number?
False
Is 463283 a prime number?
True
Is 560438 prime?
False
Is 2746 a prime number?
False
Is 108343 composite?
False
Is 68093 a prime number?
False
Is 1791865 prime?
False
Is 5921 a prime number?
False
Is 76459 a composite number?
True
Is 4583 a composite number?
False
Is 36521 prime?
False
Is 2492161 a composite number?
True
Is 28169 composite?
True
Is 91229 composite?
False
Is 5437 a composite number?
False
Is 4373 a composite number?
False
Is 3037 a prime number?
True
Is 33679 composite?
False
Is 474857 composite?
False
Is 467963 a composite number?
False
Is 5221 a prime number?
False
Is 3847 a prime number?
True
Is 24763 a prime number?
True
Is 4327 a composite number?
False
Is 465683 composite?
True
Is 31669 composite?
True
Is 78377 prime?
False
Is 36902 a composite number?
True
Is 3985 prime?
False
Is 38011 a composite number?
False
Is 48099 prime?
False
Is 52229 prime?
False
Is 129629 a prime number?
True
Is 31469 a composite number?
False
Is 23869 prime?
True
Is 880513 prime?
True
Is 2589 a prime number?
False
Is 713807 a prime number?
True
Is 3271 a composite number?
False
Is 1468591 a prime number?
True
Is 21253 prime?
False
Is 2291 a prime number?
False
Is 918839 a composite number?
False
Is 10057 a composite number?
True
Is 470021 composite?
False
Is 2303359 a composite number?
False
Is 484691 a prime number?
True
Is 260849 a prime number?
True
Is 30437 prime?
False
Is 33926 composite?
True
Is 469363 composite?
False
Is 14377 a composite number?
True
Is 124378 composite?
True
Is 1710061 composite?
False
Is 58703 composite?
True
Is 71927 a prime number?
False
Is 489 a prime number?
False
Is 712393 prime?
False
Is 9217 a composite number?
True
Is 186377 a prime number?
True
Is 468803 composite?
False
Is 4783 prime?
True
Is 27663 a prime number?
False
Is 3713 a composite number?
True
Is 264514 composite?
True
Is 5381 prime?
True
Is 9813 a prime number?
False
Is 986165 composite?
True
Is 368609 composite?
False
Is 409 a composite number?
False
Is 1066595 prime?
False
Is 9059 composite?
False
Is 279581 prime?
False
Is 443 prime?
True
Is 40003 a composite number?
True
Is 26419 composite?
True
Is 299987 a composite number?
True
Is 114447 composite?
True
Is 1387 a prime number?
False
Is 355297 prime?
True
Is 72677 prime?
False
Is 17783 a composite number?
False
Is 33557 prime?
False
Is 85549 prime?
True
Is 17863 composite?
False
Is 2306 a composite number?
True
Is 3473 a composite number?
True
Is 1949 prime?
True
Is 7571 a prime number?
False
Is 1305541 prime?
False
Is 9383 a composite number?
True
Is 2447 a prime number?
True
Is 5809 a prime number?
False
Is 4169 prime?
False
Is 10015 prime?
False
Is 1183823 prime?
False
Is 8143 a prime number?
False
Is 480839 a composite number?
False
Is 142673 composite?
False
Is 491 prime?
True
Is 211 composite?
False
Is 154519 a composite number?
True
Is 4117 prime?
False
Is 26387 composite?
False
Is 12053 prime?
False
Is 5591 a composite number?
False
Is 150862 a prime number?
False
Is 227813 composite?
True
Is 64741 a prime number?
False
Is 21407 prime?
True
Is 69733 a composite number?
True
Is 44539 a prime number?
False
Is 256621 a composite number?
True
Is 27381 a prime number?
False
Is 926293 composite?
False
Is 5951 composite?
True
Is 1686469 a prime number?
False
Is 49141 prime?
False
Is 3989 a composite number?
False
Is 419231 a composite number?
False
Is 94769 composite?
True
Is 629407 prime?
False
Is 56033 composite?
True
Is 17231 a composite number?
False
Is 5737 a composite number?
False
Is 338659 composite?
False
Is 31715 prime?
False
Is 9923 composite?
False
Is 6337 a prime number?
True
Is 516973 a composite number?
False
Is 995 a prime number?
False
Is 26137 a composite number?
True
Is 29077 a prime number?
True
Is 8819 a composite number?
False
Is 123139 prime?
False
Is 289015 a prime number?
False
Is 14507 composite?
True
Is 48427 a composite number?
True
Is 31985 a composite number?
True
Is 18457 prime?
True
Is 244973 composite?
True
Is 14107 composite?
False
Is 28901 prime?
True
Is 149 prime?
True
Is 575917 composite?
True
Is 273631 a prime number?
False
Is 871 prime?
False
Is 11197 prime?
True
Is 39643 prime?
False
Is 36193 composite?
True
Is 563401 prime?
True
Is 232741 prime?
True
Is 58657 prime?
True
Is 146513 composite?
False
Is 395069 a composite number?
False
Is 45233 prime?
True
Is 38326 a prime number?
False
Is 4721 composite?
False
Is 35011 a composite number?
True
Is 341641 a composite number?
False
Is 2165 a composite number?
True
Is 8639 a composite number?
True
Is 63113 a composite number?
False
Is 36383 prime?
True
Is 103081 a prime number?
False
Is 93371 prime?
True
Is 7871 composite?
True
Is 1154 a prime number?
False
Is 56285 a composite number?
True
Is 914777 composite?
False
Is 331433 prime?
False
Is 97987 a composite number?
False
Is 26449 composite?
False
Is 20323 prime?
True
Is 65951 prime?
True
Is 665282 a composite number?
True
Is 1731 prime?
False
Is 19463 a prime number?
True
Is 36241 a composite number?
False
Is 3587 composite?
True
Is 5579 a composite number?
True
Is 5042 a composite number?
True
Is 1757579 a prime number?
False
Is 25735 a prime number?
False
Is 1921991 a prime number?
False
Is 2843 prime?
True
Is 54515 a composite number?
True
Is 91731 a prime number?
False
Is 2901 composite?
True
Is 2073 a prime number?
False
Is 106619 prime?
True
Is 162251 prime?
True
Is 98999 composite?
False
Is 6101 composite?
False
Is 1739 a composite number?
True
Is 3863 composite?
False
Is 20813 prime?
False
Is 181045 prime?
False
Is 13705 a prime number?
False
Is 17947 a prime number?
False
Is 633 prime?
False
Is 11141 a prime number?
False
Is 21077 composite?
True
Is 122443 a prime number?
True
Is 73382 a prime number?
False
Is 524047 a prime number?
True
Is 708409 a prime number?
False
Is 172871 a prime number?
True
Is 1117959 composite?
True
Is 12007 a composite number?
False
Is 10427 a prime number?
True
Is 133831 a composite number?
False
Is 250103 prime?
False
Is 894503 a composite number?
False
Is 7897 a composite number?
True
Is 76595 a prime number?
False
Is 282197 composite?
True
Is 15089 prime?
False
Is 53683 a prime number?
False
Is 1049057 composite?
False
Is 476713 composite?
False
Is 95943 a prime number?
False
Is 16609 a composite number?
True
Is 45161 a composite number?
False
Is 30241 prime?
True
Is 3607 prime?
True
Is 26493 composite?
True
Is 3299 a composite number?
False
Is 10037 composite?
False
Is 21169 a prime number?
True
Is 3199 a composite number?
True
Is 4507 a prime number?
True
Is 28383 a composite number?
True
Is 6883 a prime number?
True
Is 182581 a composite number?
True
Is 25697 a composite number?
True
Is 42677 composite?
False
Is 143867 composite?
True
Is 19237 prime?
True
Is 54251 prime?
True
Is 104605 composite?
True
Is 1943 a composite number?
True
Is 68131 a prime number?
False
Is 25841 a prime number?
True
Is 583577 composite?
False
Is 11369 prime?
True
Is 134243 composite?
False
Is 148061 prime?
True
Is 1171189 a prime number?
True
Is 5399 a prime number?
True
Is 11129 a prime number?
False
Is 75467 a prime number?
False
Is 1779661 composite?
True
Is 179897 prime?
True
Is 2893 a composite number?
True
Is 4907 prime?
False
Is 15131 prime?
True
Is 943 prime?
False
Is 12849 prime?
False
Is 16574 a composite number?
True
Is 6109 composite?
True
Is 7607 a prime number?
True
Is 17851 prime?
True
Is 395377 prime?
True
Is 9661